{"id":331,"date":"2021-07-08T08:40:21","date_gmt":"2021-07-08T08:40:21","guid":{"rendered":"http:\/\/sansebastian.sietepuntosiete.es\/?page_id=331"},"modified":"2026-02-18T12:42:56","modified_gmt":"2026-02-18T11:42:56","slug":"bachillerato","status":"publish","type":"page","link":"https:\/\/www.iessansebastian.com\/web\/bachillerato\/","title":{"rendered":"BACHILLERATO"},"content":{"rendered":"\t\t<div data-elementor-type=\"wp-page\" data-elementor-id=\"331\" class=\"elementor elementor-331\">\n\t\t\t\t\t\t<section class=\"elementor-section elementor-top-section elementor-element elementor-element-5e37844 elementor-section-boxed elementor-section-height-default elementor-section-height-default\" data-id=\"5e37844\" data-element_type=\"section\" data-e-type=\"section\">\n\t\t\t\t\t\t<div class=\"elementor-container elementor-column-gap-default\">\n\t\t\t\t\t<div class=\"elementor-column elementor-col-100 elementor-top-column elementor-element elementor-element-00f3282\" data-id=\"00f3282\" data-element_type=\"column\" data-e-type=\"column\">\n\t\t\t<div class=\"elementor-widget-wrap elementor-element-populated\">\n\t\t\t\t\t\t<div class=\"elementor-element elementor-element-cc75932 elementor-widget elementor-widget-image\" data-id=\"cc75932\" data-element_type=\"widget\" data-e-type=\"widget\" data-widget_type=\"image.default\">\n\t\t\t\t<div class=\"elementor-widget-container\">\n\t\t\t\t\t\t\t\t\t\t\t\t\t\t\t<img fetchpriority=\"high\" decoding=\"async\" width=\"524\" height=\"150\" src=\"https:\/\/www.iessansebastian.com\/web\/wp-content\/uploads\/2021\/07\/bachillerato.png\" class=\"attachment-full size-full wp-image-1151\" alt=\"\" srcset=\"https:\/\/www.iessansebastian.com\/web\/wp-content\/uploads\/2021\/07\/bachillerato.png 524w, https:\/\/www.iessansebastian.com\/web\/wp-content\/uploads\/2021\/07\/bachillerato-300x86.png 300w\" sizes=\"(max-width: 524px) 100vw, 524px\" \/>\t\t\t\t\t\t\t\t\t\t\t\t\t\t\t<\/div>\n\t\t\t\t<\/div>\n\t\t\t\t\t<\/div>\n\t\t<\/div>\n\t\t\t\t\t<\/div>\n\t\t<\/section>\n\t\t\t\t<section class=\"elementor-section elementor-top-section elementor-element elementor-element-cb6c48c elementor-section-boxed elementor-section-height-default elementor-section-height-default\" data-id=\"cb6c48c\" data-element_type=\"section\" data-e-type=\"section\">\n\t\t\t\t\t\t<div class=\"elementor-container elementor-column-gap-default\">\n\t\t\t\t\t<div class=\"elementor-column elementor-col-100 elementor-top-column elementor-element elementor-element-8c9b75b\" data-id=\"8c9b75b\" data-element_type=\"column\" data-e-type=\"column\">\n\t\t\t<div class=\"elementor-widget-wrap elementor-element-populated\">\n\t\t\t\t\t\t<div class=\"elementor-element elementor-element-cdcf10c elementor-widget-divider--view-line_text elementor-widget-divider--element-align-center elementor-widget elementor-widget-divider\" data-id=\"cdcf10c\" data-element_type=\"widget\" data-e-type=\"widget\" data-widget_type=\"divider.default\">\n\t\t\t\t<div class=\"elementor-widget-container\">\n\t\t\t\t\t\t\t<div class=\"elementor-divider\">\n\t\t\t<span class=\"elementor-divider-separator\">\n\t\t\t\t\t\t\t<span class=\"elementor-divider__text elementor-divider__element\">\n\t\t\t\tDESPLIEGA PARA M\u00c1S INFORMACI\u00d3N\t\t\t\t<\/span>\n\t\t\t\t\t\t<\/span>\n\t\t<\/div>\n\t\t\t\t\t\t<\/div>\n\t\t\t\t<\/div>\n\t\t\t\t\t<\/div>\n\t\t<\/div>\n\t\t\t\t\t<\/div>\n\t\t<\/section>\n\t\t\t\t<section class=\"elementor-section elementor-top-section elementor-element elementor-element-c3eb195 elementor-section-boxed elementor-section-height-default elementor-section-height-default\" data-id=\"c3eb195\" data-element_type=\"section\" data-e-type=\"section\">\n\t\t\t\t\t\t<div class=\"elementor-container elementor-column-gap-default\">\n\t\t\t\t\t<div class=\"elementor-column elementor-col-100 elementor-top-column elementor-element elementor-element-579a8ea\" data-id=\"579a8ea\" data-element_type=\"column\" data-e-type=\"column\">\n\t\t\t<div class=\"elementor-widget-wrap elementor-element-populated\">\n\t\t\t\t\t\t<div class=\"elementor-element elementor-element-524a838 elementor-widget elementor-widget-toggle\" data-id=\"524a838\" data-element_type=\"widget\" data-e-type=\"widget\" data-widget_type=\"toggle.default\">\n\t\t\t\t<div class=\"elementor-widget-container\">\n\t\t\t\t\t\t\t<div class=\"elementor-toggle\">\n\t\t\t\t\t\t\t<div class=\"elementor-toggle-item\">\n\t\t\t\t\t<div id=\"elementor-tab-title-8621\" class=\"elementor-tab-title\" data-tab=\"1\" role=\"button\" aria-controls=\"elementor-tab-content-8621\" aria-expanded=\"false\">\n\t\t\t\t\t\t\t\t\t\t\t\t<span class=\"elementor-toggle-icon elementor-toggle-icon-left\" aria-hidden=\"true\">\n\t\t\t\t\t\t\t\t\t\t\t\t\t\t\t<span class=\"elementor-toggle-icon-closed\"><i class=\"fas fa-angle-double-down\"><\/i><\/span>\n\t\t\t\t\t\t\t\t<span class=\"elementor-toggle-icon-opened\"><i class=\"elementor-toggle-icon-opened fas fa-caret-up\"><\/i><\/span>\n\t\t\t\t\t\t\t\t\t\t\t\t\t<\/span>\n\t\t\t\t\t\t\t\t\t\t\t\t<a class=\"elementor-toggle-title\" tabindex=\"0\">CALENDARIO DE ADMISI\u00d3N<\/a>\n\t\t\t\t\t<\/div>\n\n\t\t\t\t\t<div id=\"elementor-tab-content-8621\" class=\"elementor-tab-content elementor-clearfix\" data-tab=\"1\" role=\"region\" aria-labelledby=\"elementor-tab-title-8621\"><h2>CALENDARIO DE ADMISI\u00d3N CURSO 2026-2027<\/h2><ul><li>Plazo de presentaci\u00f3n de solicitudes para el curso 2026-2027:<ul><li><strong>Del \u00a01\u00a0 marzo al 31 de marzo<br \/><\/strong><\/li><\/ul><\/li><li>Relaci\u00f3n de solicitantes y listas baremadas:<ul><li><strong>Del 17 al 20 de abril<\/strong>\u00a0<\/li><\/ul><\/li><\/ul><ul><li>Vista de Expedientes y subsanaci\u00f3n de alegaciones:<ul><li><strong>Del 21\u00a0 de abril al 5 de mayo\u00a0<br \/><\/strong><\/li><\/ul><\/li><li>Celebraci\u00f3n de Sorteo p\u00fablico:<ul><li><strong>13 de mayo<\/strong><img decoding=\"async\" src=\"educativoshttps:\/\/www.juntadeandalucia.es\/educacion\/secretariavirtual\/images\/logo_secretaria_virtual.png\" alt=\"\" \/>\u00a0<\/li><\/ul><\/li><li>Relaci\u00f3n de admitido en centros prioritarios:<ul><li><strong>14 de mayo <\/strong><a href=\"https:\/\/www.iessansebastian.com\/index.php\/enlace_no_activo\"><img decoding=\"async\" src=\"educativoshttps:\/\/www.juntadeandalucia.es\/educacion\/secretariavirtual\/images\/logo_secretaria_virtual.png\" alt=\"\" \/><\/a><\/li><\/ul><\/li><li>Relaci\u00f3n de admitidos en centros subsidiarios (Reubicaci\u00f3n):<ul><li><strong>25 de mayo\u00a0<br \/><\/strong><\/li><\/ul><\/li><li>Recursos\/Reclamaciones:<ul><li><strong>Del 26 de mayo al 25 de junio\u00a0<\/strong><\/li><\/ul><\/li><li>\u00a0Matr\u00edcula:<ul><li><strong>Del 1 al 10 de julio\u00a0<\/strong><\/li><li><strong>Del 1 al 8 de septiembre<\/strong><\/li><\/ul><\/li><li>Plazas vacantes:<ul><li><strong>10\u00a0 de septiembre<\/strong><\/li><\/ul><\/li><\/ul><\/div>\n\t\t\t\t<\/div>\n\t\t\t\t\t\t\t<div class=\"elementor-toggle-item\">\n\t\t\t\t\t<div id=\"elementor-tab-title-8622\" class=\"elementor-tab-title\" data-tab=\"2\" role=\"button\" aria-controls=\"elementor-tab-content-8622\" aria-expanded=\"false\">\n\t\t\t\t\t\t\t\t\t\t\t\t<span class=\"elementor-toggle-icon elementor-toggle-icon-left\" aria-hidden=\"true\">\n\t\t\t\t\t\t\t\t\t\t\t\t\t\t\t<span class=\"elementor-toggle-icon-closed\"><i class=\"fas fa-angle-double-down\"><\/i><\/span>\n\t\t\t\t\t\t\t\t<span class=\"elementor-toggle-icon-opened\"><i class=\"elementor-toggle-icon-opened fas fa-caret-up\"><\/i><\/span>\n\t\t\t\t\t\t\t\t\t\t\t\t\t<\/span>\n\t\t\t\t\t\t\t\t\t\t\t\t<a class=\"elementor-toggle-title\" tabindex=\"0\">PRESENTACI\u00d3N DE SOLICITUDES<\/a>\n\t\t\t\t\t<\/div>\n\n\t\t\t\t\t<div id=\"elementor-tab-content-8622\" class=\"elementor-tab-content elementor-clearfix\" data-tab=\"2\" role=\"region\" aria-labelledby=\"elementor-tab-title-8622\"><p>La presentaci\u00f3n de solicitudes para la escolarizaci\u00f3n\u00a0 de secundar\u00eda\/Bachillerato 2026-2027, se puede realizar v\u00eda telem\u00e1tica desde la:\u00a0 \u00a0<strong><a href=\"https:\/\/www.juntadeandalucia.es\/educacion\/secretariavirtual\/\" target=\"_blank\" rel=\"noopener\">Secretar\u00eda Virtual de la Junta de Andaluc\u00eda<\/a> del 1\u00a0 al 31 de marzo.<br \/><\/strong><\/p><p><strong>Es recomendable\u00a0 realizar la presentaci\u00f3n\u00a0 de forma telem\u00e1tica,\u00a0<u>sin necesidad de desplazarse al centro educativo.<\/u>\u00a0Para ello puede acceder al\u00a0\u00a0siguiente\u00a0enlace,\u00a0<\/strong><\/p><ul><li><strong>\u00a0<a href=\"https:\/\/www.juntadeandalucia.es\/educacion\/secretariavirtual\/accesoTramite\/543\/\">De forma telem\u00e1tica\u00a0<\/a><\/strong><\/li><\/ul><\/div>\n\t\t\t\t<\/div>\n\t\t\t\t\t\t\t<div class=\"elementor-toggle-item\">\n\t\t\t\t\t<div id=\"elementor-tab-title-8623\" class=\"elementor-tab-title\" data-tab=\"3\" role=\"button\" aria-controls=\"elementor-tab-content-8623\" aria-expanded=\"false\">\n\t\t\t\t\t\t\t\t\t\t\t\t<span class=\"elementor-toggle-icon elementor-toggle-icon-left\" aria-hidden=\"true\">\n\t\t\t\t\t\t\t\t\t\t\t\t\t\t\t<span class=\"elementor-toggle-icon-closed\"><i class=\"fas fa-angle-double-down\"><\/i><\/span>\n\t\t\t\t\t\t\t\t<span class=\"elementor-toggle-icon-opened\"><i class=\"elementor-toggle-icon-opened fas fa-caret-up\"><\/i><\/span>\n\t\t\t\t\t\t\t\t\t\t\t\t\t<\/span>\n\t\t\t\t\t\t\t\t\t\t\t\t<a class=\"elementor-toggle-title\" tabindex=\"0\">MAS INFORMACI\u00d3N<\/a>\n\t\t\t\t\t<\/div>\n\n\t\t\t\t\t<div id=\"elementor-tab-content-8623\" class=\"elementor-tab-content elementor-clearfix\" data-tab=\"3\" role=\"region\" aria-labelledby=\"elementor-tab-title-8623\"><ul><li><a href=\"https:\/\/www.juntadeandalucia.es\/educacion\/portales\/web\/escolarizacion\/infantil-a-bachillerato\">Portal Escolarizaci\u00f3n (Junta de Andaluc\u00eda)<\/a><\/li><\/ul><\/div>\n\t\t\t\t<\/div>\n\t\t\t\t\t\t\t\t\t\t<script type=\"application\/ld+json\">{\"@context\":\"https:\\\/\\\/schema.org\",\"@type\":\"FAQPage\",\"mainEntity\":[{\"@type\":\"Question\",\"name\":\"CALENDARIO DE ADMISI\\u00d3N\",\"acceptedAnswer\":{\"@type\":\"Answer\",\"text\":\"<h2>CALENDARIO DE ADMISI\\u00d3N CURSO 2026-2027<\\\/h2><ul><li>Plazo de presentaci\\u00f3n de solicitudes para el curso 2026-2027:<ul><li><strong>Del \\u00a01\\u00a0 marzo al 31 de marzo<br \\\/><\\\/strong><\\\/li><\\\/ul><\\\/li><li>Relaci\\u00f3n de solicitantes y listas baremadas:<ul><li><strong>Del 17 al 20 de abril<\\\/strong>\\u00a0<\\\/li><\\\/ul><\\\/li><\\\/ul><ul><li>Vista de Expedientes y subsanaci\\u00f3n de alegaciones:<ul><li><strong>Del 21\\u00a0 de abril al 5 de mayo\\u00a0<br \\\/><\\\/strong><\\\/li><\\\/ul><\\\/li><li>Celebraci\\u00f3n de Sorteo p\\u00fablico:<ul><li><strong>13 de mayo<\\\/strong><img src=\\\"educativoshttps:\\\/\\\/www.juntadeandalucia.es\\\/educacion\\\/secretariavirtual\\\/images\\\/logo_secretaria_virtual.png\\\" alt=\\\"\\\" \\\/>\\u00a0<\\\/li><\\\/ul><\\\/li><li>Relaci\\u00f3n de admitido en centros prioritarios:<ul><li><strong>14 de mayo <\\\/strong><a href=\\\"https:\\\/\\\/www.iessansebastian.com\\\/index.php\\\/enlace_no_activo\\\"><img src=\\\"educativoshttps:\\\/\\\/www.juntadeandalucia.es\\\/educacion\\\/secretariavirtual\\\/images\\\/logo_secretaria_virtual.png\\\" alt=\\\"\\\" \\\/><\\\/a><\\\/li><\\\/ul><\\\/li><li>Relaci\\u00f3n de admitidos en centros subsidiarios (Reubicaci\\u00f3n):<ul><li><strong>25 de mayo\\u00a0<br \\\/><\\\/strong><\\\/li><\\\/ul><\\\/li><li>Recursos\\\/Reclamaciones:<ul><li><strong>Del 26 de mayo al 25 de junio\\u00a0<\\\/strong><\\\/li><\\\/ul><\\\/li><li>\\u00a0Matr\\u00edcula:<ul><li><strong>Del 1 al 10 de julio\\u00a0<\\\/strong><\\\/li><li><strong>Del 1 al 8 de septiembre<\\\/strong><\\\/li><\\\/ul><\\\/li><li>Plazas vacantes:<ul><li><strong>10\\u00a0 de septiembre<\\\/strong><\\\/li><\\\/ul><\\\/li><\\\/ul>\"}},{\"@type\":\"Question\",\"name\":\"PRESENTACI\\u00d3N DE SOLICITUDES\",\"acceptedAnswer\":{\"@type\":\"Answer\",\"text\":\"<p>La presentaci\\u00f3n de solicitudes para la escolarizaci\\u00f3n\\u00a0 de secundar\\u00eda\\\/Bachillerato 2026-2027, se puede realizar v\\u00eda telem\\u00e1tica desde la:\\u00a0 \\u00a0<strong><a href=\\\"https:\\\/\\\/www.juntadeandalucia.es\\\/educacion\\\/secretariavirtual\\\/\\\" target=\\\"_blank\\\" rel=\\\"noopener\\\">Secretar\\u00eda Virtual de la Junta de Andaluc\\u00eda<\\\/a> del 1\\u00a0 al 31 de marzo.<br \\\/><\\\/strong><\\\/p><p><strong>Es recomendable\\u00a0 realizar la presentaci\\u00f3n\\u00a0 de forma telem\\u00e1tica,\\u00a0<u>sin necesidad de desplazarse al centro educativo.<\\\/u>\\u00a0Para ello puede acceder al\\u00a0\\u00a0siguiente\\u00a0enlace,\\u00a0<\\\/strong><\\\/p><ul><li><strong>\\u00a0<a href=\\\"https:\\\/\\\/www.juntadeandalucia.es\\\/educacion\\\/secretariavirtual\\\/accesoTramite\\\/543\\\/\\\">De forma telem\\u00e1tica\\u00a0<\\\/a><\\\/strong><\\\/li><\\\/ul>\"}},{\"@type\":\"Question\",\"name\":\"MAS INFORMACI\\u00d3N\",\"acceptedAnswer\":{\"@type\":\"Answer\",\"text\":\"<ul><li><a href=\\\"https:\\\/\\\/www.juntadeandalucia.es\\\/educacion\\\/portales\\\/web\\\/escolarizacion\\\/infantil-a-bachillerato\\\">Portal Escolarizaci\\u00f3n (Junta de Andaluc\\u00eda)<\\\/a><\\\/li><\\\/ul>\"}}]}<\/script>\n\t\t\t\t\t<\/div>\n\t\t\t\t\t\t<\/div>\n\t\t\t\t<\/div>\n\t\t\t\t\t<\/div>\n\t\t<\/div>\n\t\t\t\t\t<\/div>\n\t\t<\/section>\n\t\t\t\t<\/div>\n\t\t","protected":false},"excerpt":{"rendered":"<p>DESPLIEGA PARA M\u00c1S INFORMACI\u00d3N CALENDARIO DE ADMISI\u00d3N CALENDARIO DE ADMISI\u00d3N CURSO 2026-2027 Plazo de presentaci\u00f3n de solicitudes para el curso 2026-2027: Del \u00a01\u00a0 marzo al 31 de marzo Relaci\u00f3n de [&hellip;]<\/p>\n","protected":false},"author":1,"featured_media":0,"parent":0,"menu_order":0,"comment_status":"closed","ping_status":"closed","template":"","meta":{"ocean_post_layout":"","ocean_both_sidebars_style":"","ocean_both_sidebars_content_width":0,"ocean_both_sidebars_sidebars_width":0,"ocean_sidebar":"0","ocean_second_sidebar":"0","ocean_disable_margins":"on","ocean_add_body_class":"","ocean_shortcode_before_top_bar":"","ocean_shortcode_after_top_bar":"","ocean_shortcode_before_header":"","ocean_shortcode_after_header":"","ocean_has_shortcode":"","ocean_shortcode_after_title":"","ocean_shortcode_before_footer_widgets":"","ocean_shortcode_after_footer_widgets":"","ocean_shortcode_before_footer_bottom":"","ocean_shortcode_after_footer_bottom":"","ocean_display_top_bar":"default","ocean_display_header":"default","ocean_header_style":"","ocean_center_header_left_menu":"0","ocean_custom_header_template":"0","ocean_custom_logo":0,"ocean_custom_retina_logo":0,"ocean_custom_logo_max_width":0,"ocean_custom_logo_tablet_max_width":0,"ocean_custom_logo_mobile_max_width":0,"ocean_custom_logo_max_height":0,"ocean_custom_logo_tablet_max_height":0,"ocean_custom_logo_mobile_max_height":0,"ocean_header_custom_menu":"0","ocean_menu_typo_font_family":"0","ocean_menu_typo_font_subset":"","ocean_menu_typo_font_size":0,"ocean_menu_typo_font_size_tablet":0,"ocean_menu_typo_font_size_mobile":0,"ocean_menu_typo_font_size_unit":"px","ocean_menu_typo_font_weight":"","ocean_menu_typo_font_weight_tablet":"","ocean_menu_typo_font_weight_mobile":"","ocean_menu_typo_transform":"","ocean_menu_typo_transform_tablet":"","ocean_menu_typo_transform_mobile":"","ocean_menu_typo_line_height":0,"ocean_menu_typo_line_height_tablet":0,"ocean_menu_typo_line_height_mobile":0,"ocean_menu_typo_line_height_unit":"","ocean_menu_typo_spacing":0,"ocean_menu_typo_spacing_tablet":0,"ocean_menu_typo_spacing_mobile":0,"ocean_menu_typo_spacing_unit":"","ocean_menu_link_color":"","ocean_menu_link_color_hover":"","ocean_menu_link_color_active":"","ocean_menu_link_background":"","ocean_menu_link_hover_background":"","ocean_menu_link_active_background":"","ocean_menu_social_links_bg":"","ocean_menu_social_hover_links_bg":"","ocean_menu_social_links_color":"","ocean_menu_social_hover_links_color":"","ocean_disable_title":"on","ocean_disable_heading":"default","ocean_post_title":"","ocean_post_subheading":"","ocean_post_title_style":"","ocean_post_title_background_color":"","ocean_post_title_background":0,"ocean_post_title_bg_image_position":"","ocean_post_title_bg_image_attachment":"","ocean_post_title_bg_image_repeat":"","ocean_post_title_bg_image_size":"","ocean_post_title_height":0,"ocean_post_title_bg_overlay":0.5,"ocean_post_title_bg_overlay_color":"","ocean_disable_breadcrumbs":"default","ocean_breadcrumbs_color":"","ocean_breadcrumbs_separator_color":"","ocean_breadcrumbs_links_color":"","ocean_breadcrumbs_links_hover_color":"","ocean_display_footer_widgets":"default","ocean_display_footer_bottom":"default","ocean_custom_footer_template":"0","footnotes":""},"class_list":["post-331","page","type-page","status-publish","hentry","entry"],"_links":{"self":[{"href":"https:\/\/www.iessansebastian.com\/web\/wp-json\/wp\/v2\/pages\/331","targetHints":{"allow":["GET"]}}],"collection":[{"href":"https:\/\/www.iessansebastian.com\/web\/wp-json\/wp\/v2\/pages"}],"about":[{"href":"https:\/\/www.iessansebastian.com\/web\/wp-json\/wp\/v2\/types\/page"}],"author":[{"embeddable":true,"href":"https:\/\/www.iessansebastian.com\/web\/wp-json\/wp\/v2\/users\/1"}],"replies":[{"embeddable":true,"href":"https:\/\/www.iessansebastian.com\/web\/wp-json\/wp\/v2\/comments?post=331"}],"version-history":[{"count":86,"href":"https:\/\/www.iessansebastian.com\/web\/wp-json\/wp\/v2\/pages\/331\/revisions"}],"predecessor-version":[{"id":10955,"href":"https:\/\/www.iessansebastian.com\/web\/wp-json\/wp\/v2\/pages\/331\/revisions\/10955"}],"wp:attachment":[{"href":"https:\/\/www.iessansebastian.com\/web\/wp-json\/wp\/v2\/media?parent=331"}],"curies":[{"name":"wp","href":"https:\/\/api.w.org\/{rel}","templated":true}]}}