{"id":49,"date":"2021-06-30T10:32:43","date_gmt":"2021-06-30T10:32:43","guid":{"rendered":"http:\/\/sansebastian.sietepuntosiete.es\/?page_id=49"},"modified":"2022-04-11T10:38:47","modified_gmt":"2022-04-11T08:38:47","slug":"bienvenida","status":"publish","type":"page","link":"https:\/\/www.iessansebastian.com\/web\/bienvenida\/","title":{"rendered":"BIENVENIDA"},"content":{"rendered":"\t\t<div data-elementor-type=\"wp-page\" data-elementor-id=\"49\" class=\"elementor elementor-49\">\n\t\t\t\t\t\t<section class=\"elementor-section elementor-top-section elementor-element elementor-element-9cdc05f elementor-section-boxed elementor-section-height-default elementor-section-height-default\" data-id=\"9cdc05f\" data-element_type=\"section\" data-e-type=\"section\">\n\t\t\t\t\t\t<div class=\"elementor-container elementor-column-gap-default\">\n\t\t\t\t\t<div class=\"elementor-column elementor-col-100 elementor-top-column elementor-element elementor-element-7dbed3f\" data-id=\"7dbed3f\" data-element_type=\"column\" data-e-type=\"column\">\n\t\t\t<div class=\"elementor-widget-wrap elementor-element-populated\">\n\t\t\t\t\t\t<div class=\"elementor-element elementor-element-c1d4844 elementor-widget elementor-widget-image\" data-id=\"c1d4844\" data-element_type=\"widget\" data-e-type=\"widget\" data-widget_type=\"image.default\">\n\t\t\t\t<div class=\"elementor-widget-container\">\n\t\t\t\t\t\t\t\t\t\t\t\t\t\t\t<img fetchpriority=\"high\" decoding=\"async\" width=\"2400\" height=\"540\" src=\"https:\/\/www.iessansebastian.com\/web\/wp-content\/uploads\/2021\/12\/cabecera-paginasBIENVENIDA-3.jpg\" class=\"attachment-full size-full wp-image-2406\" alt=\"\" srcset=\"https:\/\/www.iessansebastian.com\/web\/wp-content\/uploads\/2021\/12\/cabecera-paginasBIENVENIDA-3.jpg 2400w, https:\/\/www.iessansebastian.com\/web\/wp-content\/uploads\/2021\/12\/cabecera-paginasBIENVENIDA-3-300x68.jpg 300w, https:\/\/www.iessansebastian.com\/web\/wp-content\/uploads\/2021\/12\/cabecera-paginasBIENVENIDA-3-1024x230.jpg 1024w, https:\/\/www.iessansebastian.com\/web\/wp-content\/uploads\/2021\/12\/cabecera-paginasBIENVENIDA-3-768x173.jpg 768w, https:\/\/www.iessansebastian.com\/web\/wp-content\/uploads\/2021\/12\/cabecera-paginasBIENVENIDA-3-1536x346.jpg 1536w, https:\/\/www.iessansebastian.com\/web\/wp-content\/uploads\/2021\/12\/cabecera-paginasBIENVENIDA-3-2048x461.jpg 2048w\" sizes=\"(max-width: 2400px) 100vw, 2400px\" \/>\t\t\t\t\t\t\t\t\t\t\t\t\t\t\t<\/div>\n\t\t\t\t<\/div>\n\t\t\t\t\t<\/div>\n\t\t<\/div>\n\t\t\t\t\t<\/div>\n\t\t<\/section>\n\t\t\t\t<section class=\"elementor-section elementor-top-section elementor-element elementor-element-c93c7d4 elementor-section-boxed elementor-section-height-default elementor-section-height-default\" data-id=\"c93c7d4\" data-element_type=\"section\" data-e-type=\"section\">\n\t\t\t\t\t\t<div class=\"elementor-container elementor-column-gap-default\">\n\t\t\t\t\t<div class=\"elementor-column elementor-col-100 elementor-top-column elementor-element elementor-element-afdbf6e\" data-id=\"afdbf6e\" data-element_type=\"column\" data-e-type=\"column\">\n\t\t\t<div class=\"elementor-widget-wrap elementor-element-populated\">\n\t\t\t\t\t\t<div class=\"elementor-element elementor-element-b835dfb elementor-widget elementor-widget-heading\" data-id=\"b835dfb\" data-element_type=\"widget\" data-e-type=\"widget\" data-widget_type=\"heading.default\">\n\t\t\t\t<div class=\"elementor-widget-container\">\n\t\t\t\t\t<h1 class=\"elementor-heading-title elementor-size-xl\">Una nueva imagen, un instituto distinto<\/h1>\t\t\t\t<\/div>\n\t\t\t\t<\/div>\n\t\t\t\t\t<\/div>\n\t\t<\/div>\n\t\t\t\t\t<\/div>\n\t\t<\/section>\n\t\t\t\t<section class=\"elementor-section elementor-top-section elementor-element elementor-element-6954013 elementor-section-boxed elementor-section-height-default elementor-section-height-default\" data-id=\"6954013\" data-element_type=\"section\" data-e-type=\"section\">\n\t\t\t\t\t\t<div class=\"elementor-container elementor-column-gap-default\">\n\t\t\t\t\t<div class=\"elementor-column elementor-col-100 elementor-top-column elementor-element elementor-element-6b0d84c\" data-id=\"6b0d84c\" data-element_type=\"column\" data-e-type=\"column\">\n\t\t\t<div class=\"elementor-widget-wrap elementor-element-populated\">\n\t\t\t\t\t\t<div class=\"elementor-element elementor-element-9d3c133 elementor-widget elementor-widget-image\" data-id=\"9d3c133\" data-element_type=\"widget\" data-e-type=\"widget\" data-widget_type=\"image.default\">\n\t\t\t\t<div class=\"elementor-widget-container\">\n\t\t\t\t\t\t\t\t\t\t\t\t\t\t\t<img decoding=\"async\" width=\"1536\" height=\"1106\" src=\"https:\/\/www.iessansebastian.com\/web\/wp-content\/uploads\/2021\/10\/I.E.S.-San-Sebastian-Buena-resolucion-1536x1106.jpg\" class=\"attachment-1536x1536 size-1536x1536 wp-image-1716\" alt=\"\" srcset=\"https:\/\/www.iessansebastian.com\/web\/wp-content\/uploads\/2021\/10\/I.E.S.-San-Sebastian-Buena-resolucion-1536x1106.jpg 1536w, https:\/\/www.iessansebastian.com\/web\/wp-content\/uploads\/2021\/10\/I.E.S.-San-Sebastian-Buena-resolucion-300x216.jpg 300w, https:\/\/www.iessansebastian.com\/web\/wp-content\/uploads\/2021\/10\/I.E.S.-San-Sebastian-Buena-resolucion-1024x737.jpg 1024w, https:\/\/www.iessansebastian.com\/web\/wp-content\/uploads\/2021\/10\/I.E.S.-San-Sebastian-Buena-resolucion-768x553.jpg 768w, https:\/\/www.iessansebastian.com\/web\/wp-content\/uploads\/2021\/10\/I.E.S.-San-Sebastian-Buena-resolucion-2048x1475.jpg 2048w\" sizes=\"(max-width: 1536px) 100vw, 1536px\" \/>\t\t\t\t\t\t\t\t\t\t\t\t\t\t\t<\/div>\n\t\t\t\t<\/div>\n\t\t\t\t\t<\/div>\n\t\t<\/div>\n\t\t\t\t\t<\/div>\n\t\t<\/section>\n\t\t\t\t<section class=\"elementor-section elementor-top-section elementor-element elementor-element-1997c3c elementor-section-boxed elementor-section-height-default elementor-section-height-default\" data-id=\"1997c3c\" data-element_type=\"section\" data-e-type=\"section\">\n\t\t\t\t\t\t<div class=\"elementor-container elementor-column-gap-default\">\n\t\t\t\t\t<div class=\"elementor-column elementor-col-100 elementor-top-column elementor-element elementor-element-0b4ca31\" data-id=\"0b4ca31\" data-element_type=\"column\" data-e-type=\"column\">\n\t\t\t<div class=\"elementor-widget-wrap elementor-element-populated\">\n\t\t\t\t\t\t<div class=\"elementor-element elementor-element-fb7fd5d elementor-widget elementor-widget-text-editor\" data-id=\"fb7fd5d\" data-element_type=\"widget\" data-e-type=\"widget\" data-widget_type=\"text-editor.default\">\n\t\t\t\t<div class=\"elementor-widget-container\">\n\t\t\t\t\t\t\t\t\t<p><span style=\"font-size: x-large;\"> Desde el equipo directivo del instituto queremos daros la bienvenida&nbsp;&nbsp; a todos los miembros de la comunidad educativa a esta puerta renovada de nuestro centro que es su nueva p\u00e1gina web. La modificaci\u00f3n del sitio web del instituto era una tarea que hab\u00eda que acometer, era preciso hacerla m\u00e1s intuitiva, accesible, sencilla y est\u00e9tica, pero, aunque muchas veces nos lo hab\u00edamos planteado, en este tema como en otros, lo urgente nos hab\u00eda hecho aplazar lo necesario. En el d\u00eda a d\u00eda son tantas las necesidades que atender en un centro como el nuestro que, a veces, los proyectos importantes que pueden cambiar a mejor nuestro instituto corren el peligro de postergarse. Esta tendencia se ha favorecido por la situaci\u00f3n vivida en los dos \u00faltimos cursos y por lo que todav\u00eda arrastramos este a\u00f1o de limitaciones, miedos (muchas veces justificados) y precauci\u00f3n.&nbsp; Por eso estamos contentos de que la p\u00e1gina web del centro, su nueva cara p\u00fablica, est\u00e9 operativa y abierta.<\/span><\/p>\n<p>Igual que ocurre con la p\u00e1gina web nos \u00e1nima ver como otras ideas de mejora tambi\u00e9n dan sus primeros pasos este curso. As\u00ed, hemos iniciado la puesta en marcha del nuevo Departamento de Convivencia que en este primer trimestre ha completado la formaci\u00f3n de sus integrantes y una vez confeccionados los protocolos de actuaci\u00f3n comenzar\u00e1 su actividad en el segundo trimestre. Este departamento de Convivencia, a cuya cabeza est\u00e1 nuestro compa\u00f1ero Sergio B\u00e1\u00f1ez, pretende que profesores previamente formados en t\u00e9cnicas de&nbsp; acompa\u00f1amiento o si lo prefer\u00eds de \u201ccounselling\u201d establezcan una relaci\u00f3n no terap\u00e9utica pero s\u00ed de ayuda con un n\u00famero de alumnos que tendr\u00e1 que ser necesariamente limitado, precisamente de entre aquellos que se encuentran en situaciones de m\u00e1s dificultad personal, emocional, de relaciones\u2026 para que en el marco de esa escucha del alumno realizada al margen de la actividad docente, este puedan estos objetivizar sus dificultades y darse cuenta de los propios recursos que poseen para hacerles frente. Se trata en \u00faltima instancia de \u201chumanizar\u201d un poco nuestro centro e intentar ayudar aquellos alumnos m\u00e1s \u201cperdidos\u201d que por desgracia tenemos muchos, todo ello en conexi\u00f3n con el Plan Forma Joven.<\/p>\n<p>Por otro lado, prosigue el proceso de internacionalizaci\u00f3n del centro en el que contamos con los proyectos Erasmus+ K229, K226, K131 y K122 algunos de los cuales implican movilidad de alumnos o se conectan con una agrupaci\u00f3n de centros a nivel estatal en la que pretendemos participar.<\/p>\n<p>De igual manera, queremos hacer un esfuerzo de este a\u00f1o de potenciaci\u00f3n de actividades complementarias e incluso extraescolares especialmente destinadas a alumnos de los primeros cursos de secundaria con el objetivo de que perciban el centro no s\u00f3lo como como un lugar de estudio y trabajo sino como un \u00e1mbito m\u00e1s atractivo y de relaciones personales positivas.<\/p>\n<p>Todas estas novedades y toda la vida del IES San Sebasti\u00e1n pretendemos que tengan su reflejo y darlas a conocer por esta v\u00eda de comunicaci\u00f3n renovada.<\/p>\n<p>Un saludo<\/p><p>El Director,<br><\/p>\n<p><b>Juan Antonio Cantis\u00e1n Serrano<\/b>.<\/p>\t\t\t\t\t\t\t\t<\/div>\n\t\t\t\t<\/div>\n\t\t\t\t\t<\/div>\n\t\t<\/div>\n\t\t\t\t\t<\/div>\n\t\t<\/section>\n\t\t\t\t<\/div>\n\t\t","protected":false},"excerpt":{"rendered":"<p>Una nueva imagen, un instituto distinto Desde el equipo directivo del instituto queremos daros la bienvenida&nbsp;&nbsp; a todos los miembros de la comunidad educativa a esta puerta renovada de nuestro [&hellip;]<\/p>\n","protected":false},"author":1,"featured_media":0,"parent":0,"menu_order":0,"comment_status":"closed","ping_status":"closed","template":"","meta":{"ocean_post_layout":"","ocean_both_sidebars_style":"","ocean_both_sidebars_content_width":0,"ocean_both_sidebars_sidebars_width":0,"ocean_sidebar":"0","ocean_second_sidebar":"0","ocean_disable_margins":"on","ocean_add_body_class":"","ocean_shortcode_before_top_bar":"","ocean_shortcode_after_top_bar":"","ocean_shortcode_before_header":"","ocean_shortcode_after_header":"","ocean_has_shortcode":"","ocean_shortcode_after_title":"","ocean_shortcode_before_footer_widgets":"","ocean_shortcode_after_footer_widgets":"","ocean_shortcode_before_footer_bottom":"","ocean_shortcode_after_footer_bottom":"","ocean_display_top_bar":"default","ocean_display_header":"default","ocean_header_style":"","ocean_center_header_left_menu":"0","ocean_custom_header_template":"0","ocean_custom_logo":0,"ocean_custom_retina_logo":0,"ocean_custom_logo_max_width":0,"ocean_custom_logo_tablet_max_width":0,"ocean_custom_logo_mobile_max_width":0,"ocean_custom_logo_max_height":0,"ocean_custom_logo_tablet_max_height":0,"ocean_custom_logo_mobile_max_height":0,"ocean_header_custom_menu":"0","ocean_menu_typo_font_family":"0","ocean_menu_typo_font_subset":"","ocean_menu_typo_font_size":0,"ocean_menu_typo_font_size_tablet":0,"ocean_menu_typo_font_size_mobile":0,"ocean_menu_typo_font_size_unit":"px","ocean_menu_typo_font_weight":"","ocean_menu_typo_font_weight_tablet":"","ocean_menu_typo_font_weight_mobile":"","ocean_menu_typo_transform":"","ocean_menu_typo_transform_tablet":"","ocean_menu_typo_transform_mobile":"","ocean_menu_typo_line_height":0,"ocean_menu_typo_line_height_tablet":0,"ocean_menu_typo_line_height_mobile":0,"ocean_menu_typo_line_height_unit":"","ocean_menu_typo_spacing":0,"ocean_menu_typo_spacing_tablet":0,"ocean_menu_typo_spacing_mobile":0,"ocean_menu_typo_spacing_unit":"","ocean_menu_link_color":"","ocean_menu_link_color_hover":"","ocean_menu_link_color_active":"","ocean_menu_link_background":"","ocean_menu_link_hover_background":"","ocean_menu_link_active_background":"","ocean_menu_social_links_bg":"","ocean_menu_social_hover_links_bg":"","ocean_menu_social_links_color":"","ocean_menu_social_hover_links_color":"","ocean_disable_title":"on","ocean_disable_heading":"default","ocean_post_title":"","ocean_post_subheading":"","ocean_post_title_style":"","ocean_post_title_background_color":"","ocean_post_title_background":0,"ocean_post_title_bg_image_position":"","ocean_post_title_bg_image_attachment":"","ocean_post_title_bg_image_repeat":"","ocean_post_title_bg_image_size":"","ocean_post_title_height":0,"ocean_post_title_bg_overlay":0.5,"ocean_post_title_bg_overlay_color":"","ocean_disable_breadcrumbs":"default","ocean_breadcrumbs_color":"","ocean_breadcrumbs_separator_color":"","ocean_breadcrumbs_links_color":"","ocean_breadcrumbs_links_hover_color":"","ocean_display_footer_widgets":"default","ocean_display_footer_bottom":"default","ocean_custom_footer_template":"0","footnotes":""},"class_list":["post-49","page","type-page","status-publish","hentry","entry"],"_links":{"self":[{"href":"https:\/\/www.iessansebastian.com\/web\/wp-json\/wp\/v2\/pages\/49","targetHints":{"allow":["GET"]}}],"collection":[{"href":"https:\/\/www.iessansebastian.com\/web\/wp-json\/wp\/v2\/pages"}],"about":[{"href":"https:\/\/www.iessansebastian.com\/web\/wp-json\/wp\/v2\/types\/page"}],"author":[{"embeddable":true,"href":"https:\/\/www.iessansebastian.com\/web\/wp-json\/wp\/v2\/users\/1"}],"replies":[{"embeddable":true,"href":"https:\/\/www.iessansebastian.com\/web\/wp-json\/wp\/v2\/comments?post=49"}],"version-history":[{"count":64,"href":"https:\/\/www.iessansebastian.com\/web\/wp-json\/wp\/v2\/pages\/49\/revisions"}],"predecessor-version":[{"id":5609,"href":"https:\/\/www.iessansebastian.com\/web\/wp-json\/wp\/v2\/pages\/49\/revisions\/5609"}],"wp:attachment":[{"href":"https:\/\/www.iessansebastian.com\/web\/wp-json\/wp\/v2\/media?parent=49"}],"curies":[{"name":"wp","href":"https:\/\/api.w.org\/{rel}","templated":true}]}}