{"id":55,"date":"2021-06-30T10:33:34","date_gmt":"2021-06-30T10:33:34","guid":{"rendered":"http:\/\/sansebastian.sietepuntosiete.es\/?page_id=55"},"modified":"2025-10-22T12:18:38","modified_gmt":"2025-10-22T10:18:38","slug":"jefatura-de-departamento","status":"publish","type":"page","link":"https:\/\/www.iessansebastian.com\/web\/jefatura-de-departamento\/","title":{"rendered":"JEFATURA DE DEPARTAMENTO"},"content":{"rendered":"\t\t<div data-elementor-type=\"wp-page\" data-elementor-id=\"55\" class=\"elementor elementor-55\">\n\t\t\t\t\t\t<section class=\"elementor-section elementor-top-section elementor-element elementor-element-e54266f elementor-section-boxed elementor-section-height-default elementor-section-height-default\" data-id=\"e54266f\" data-element_type=\"section\" data-e-type=\"section\">\n\t\t\t\t\t\t<div class=\"elementor-container elementor-column-gap-default\">\n\t\t\t\t\t<div class=\"elementor-column elementor-col-100 elementor-top-column elementor-element elementor-element-5fb1c18\" data-id=\"5fb1c18\" data-element_type=\"column\" data-e-type=\"column\">\n\t\t\t<div class=\"elementor-widget-wrap elementor-element-populated\">\n\t\t\t\t\t\t<div class=\"elementor-element elementor-element-ca6657f elementor-widget elementor-widget-image\" data-id=\"ca6657f\" data-element_type=\"widget\" data-e-type=\"widget\" data-widget_type=\"image.default\">\n\t\t\t\t<div class=\"elementor-widget-container\">\n\t\t\t\t\t\t\t\t\t\t\t\t\t\t\t<img fetchpriority=\"high\" decoding=\"async\" width=\"1024\" height=\"347\" src=\"https:\/\/www.iessansebastian.com\/web\/wp-content\/uploads\/2021\/12\/jefesDepartamento3-1024x347.jpg\" class=\"attachment-large size-large wp-image-2264\" alt=\"\" srcset=\"https:\/\/www.iessansebastian.com\/web\/wp-content\/uploads\/2021\/12\/jefesDepartamento3-1024x347.jpg 1024w, https:\/\/www.iessansebastian.com\/web\/wp-content\/uploads\/2021\/12\/jefesDepartamento3-300x102.jpg 300w, https:\/\/www.iessansebastian.com\/web\/wp-content\/uploads\/2021\/12\/jefesDepartamento3-768x260.jpg 768w, https:\/\/www.iessansebastian.com\/web\/wp-content\/uploads\/2021\/12\/jefesDepartamento3-1536x520.jpg 1536w, https:\/\/www.iessansebastian.com\/web\/wp-content\/uploads\/2021\/12\/jefesDepartamento3-2048x694.jpg 2048w\" sizes=\"(max-width: 1024px) 100vw, 1024px\" \/>\t\t\t\t\t\t\t\t\t\t\t\t\t\t\t<\/div>\n\t\t\t\t<\/div>\n\t\t\t\t\t<\/div>\n\t\t<\/div>\n\t\t\t\t\t<\/div>\n\t\t<\/section>\n\t\t\t\t<section class=\"elementor-section elementor-top-section elementor-element elementor-element-178c3a4 elementor-section-boxed elementor-section-height-default elementor-section-height-default\" data-id=\"178c3a4\" data-element_type=\"section\" data-e-type=\"section\">\n\t\t\t\t\t\t<div class=\"elementor-container elementor-column-gap-default\">\n\t\t\t\t\t<div class=\"elementor-column elementor-col-100 elementor-top-column elementor-element elementor-element-3888341\" data-id=\"3888341\" data-element_type=\"column\" data-e-type=\"column\">\n\t\t\t<div class=\"elementor-widget-wrap elementor-element-populated\">\n\t\t\t\t\t\t<div class=\"elementor-element elementor-element-a33c9a3 elementor-widget elementor-widget-text-editor\" data-id=\"a33c9a3\" data-element_type=\"widget\" data-e-type=\"widget\" data-widget_type=\"text-editor.default\">\n\t\t\t\t<div class=\"elementor-widget-container\">\n\t\t\t\t\t\t\t\t\t<p><span class=\"a_GcMg font-feature-liga-off font-feature-clig-off font-feature-calt-off text-decoration-none text-strikethrough-none\">Marcos L\u00f3pez Azna<\/span><b>JEFATURA<\/b><strong> DE DEPARTAMENTO<\/strong>\u00a0<\/p><p><strong>Coordinadores de \u00c1rea:<\/strong><\/p><p><strong>\u00c1rea cient\u00edfico-tecnol\u00f3gica<\/strong>: Alicia Guerrero Colmenero<\/p><p><strong>\u00c1rea social-ling\u00fc\u00edstca<\/strong>: Dolores Mar\u00eda Medero Irizo<\/p><p><strong>\u00c1rea art\u00edstica<\/strong>: V\u00edctor L\u00f3pez Romero<\/p><p><strong>\u00c1rea de Formaci\u00f3n Profesional<\/strong>: Manuel Alfonso Romero Caro<\/p><p><strong>Jefes\/as de Departamento<\/strong>:<\/p><p><strong>Actividades Extraescolares:<\/strong>\u00a0Laura D\u00e1vila Vicente<\/p><p><strong>Administraci\u00f3n y gesti\u00f3n: <\/strong>Carmen Roc\u00edo Caballero Bravo<\/p><p><strong>Biolog\u00eda y Geolog\u00eda: <\/strong>Generoso Rozas Lozano<\/p><p><strong>Comercio y Marketing: <\/strong>Manuel Cejudo Cort\u00e9s<\/p><p><strong>Convivencia<\/strong>: Cinta Fern\u00e1ndez Villega<\/p><p><strong>Dibujo\/<\/strong><span style=\"font-family: 'Playfair Display', sans-serif; font-size: 21px; font-style: normal; font-variant-ligatures: normal; font-variant-caps: normal; font-weight: 600;\">Educaci\u00f3n F\u00edsica\/M\u00fasica<\/span><strong style=\"font-size: 21px;\">: <\/strong><span style=\"font-size: 21px;\">V\u00edctor L\u00f3pez Romero<\/span><\/p><p><strong style=\"font-size: 21px;\">Filosof\u00eda: <\/strong><span class=\"a_GcMg font-feature-liga-off font-feature-clig-off font-feature-calt-off text-decoration-none text-strikethrough-none\">Marcos L\u00f3pez Aznar<\/span><\/p><p><strong>F\u00edsica y Qu\u00edmica: <\/strong>Miguel \u00c1ngel Criado Alonso<\/p><p><strong>Formaci\u00f3n, Evaluaci\u00f3n e Innovaci\u00f3n Educativa:<\/strong> Ces\u00e1reo Rodr\u00edguez Valdivia<\/p><p><strong>Formaci\u00f3n y Orientaci\u00f3n Laboral y Econom\u00eda: <\/strong>Rafael Dami\u00e1n Mart\u00ednez Jim\u00e9nez<\/p><p><strong>Geograf\u00eda e Historia: <\/strong>F\u00e1tima Conde Pedraja<\/p><p><strong>Inform\u00e1tica:<\/strong> Manuel Alfonso Romero Caro<\/p><p><strong>Idiomas:<\/strong>\u00a0<span style=\"font-family: 'Playfair Display', sans-serif; font-size: 21px; font-style: normal; font-variant-ligatures: normal; font-variant-caps: normal; font-weight: 400;\">Dolores Mar\u00eda Medero Irizo<\/span><\/p><p><span style=\"font-family: 'Playfair Display', sans-serif; font-size: 21px; font-style: normal; font-variant-ligatures: normal; font-variant-caps: normal; font-weight: 600;\">Internacionalizaci\u00f3n: <\/span><span style=\"font-family: 'Playfair Display', sans-serif; font-size: 21px; font-style: normal; font-variant-ligatures: normal; font-variant-caps: normal;\">P<\/span><span style=\"font-family: 'Playfair Display', sans-serif; font-size: 21px; font-style: normal; font-variant-ligatures: normal; font-variant-caps: normal;\">ilar Carmona Zalvide<\/span><span style=\"font-family: 'Playfair Display', sans-serif; font-size: 21px; font-style: normal; font-variant-ligatures: normal; font-variant-caps: normal; font-weight: 400;\"><br \/><\/span><\/p><p><strong style=\"font-size: 21px;\">Lengua y Literatura: <\/strong><span style=\"font-size: 21px;\"> Roc\u00edo Lepe Garc\u00eda<\/span><\/p><p><strong>Matem\u00e1ticas: <\/strong>Javier Montes Mart\u00ednez<\/p><p><strong>Orientaci\u00f3n:<\/strong>\u00a0Ana Garc\u00eda Gat<\/p><p><strong>Tecnolog\u00eda: <\/strong>Alicia Guerrero Colmenero<\/p>\t\t\t\t\t\t\t\t<\/div>\n\t\t\t\t<\/div>\n\t\t\t\t\t<\/div>\n\t\t<\/div>\n\t\t\t\t\t<\/div>\n\t\t<\/section>\n\t\t\t\t<\/div>\n\t\t","protected":false},"excerpt":{"rendered":"<p>Marcos L\u00f3pez AznaJEFATURA DE DEPARTAMENTO\u00a0 Coordinadores de \u00c1rea: \u00c1rea cient\u00edfico-tecnol\u00f3gica: Alicia Guerrero Colmenero \u00c1rea social-ling\u00fc\u00edstca: Dolores Mar\u00eda Medero Irizo \u00c1rea art\u00edstica: V\u00edctor L\u00f3pez Romero \u00c1rea de Formaci\u00f3n Profesional: Manuel Alfonso [&hellip;]<\/p>\n","protected":false},"author":1,"featured_media":0,"parent":0,"menu_order":0,"comment_status":"closed","ping_status":"closed","template":"","meta":{"ocean_post_layout":"","ocean_both_sidebars_style":"","ocean_both_sidebars_content_width":0,"ocean_both_sidebars_sidebars_width":0,"ocean_sidebar":"0","ocean_second_sidebar":"0","ocean_disable_margins":"on","ocean_add_body_class":"","ocean_shortcode_before_top_bar":"","ocean_shortcode_after_top_bar":"","ocean_shortcode_before_header":"","ocean_shortcode_after_header":"","ocean_has_shortcode":"","ocean_shortcode_after_title":"","ocean_shortcode_before_footer_widgets":"","ocean_shortcode_after_footer_widgets":"","ocean_shortcode_before_footer_bottom":"","ocean_shortcode_after_footer_bottom":"","ocean_display_top_bar":"default","ocean_display_header":"default","ocean_header_style":"","ocean_center_header_left_menu":"0","ocean_custom_header_template":"0","ocean_custom_logo":0,"ocean_custom_retina_logo":0,"ocean_custom_logo_max_width":0,"ocean_custom_logo_tablet_max_width":0,"ocean_custom_logo_mobile_max_width":0,"ocean_custom_logo_max_height":0,"ocean_custom_logo_tablet_max_height":0,"ocean_custom_logo_mobile_max_height":0,"ocean_header_custom_menu":"0","ocean_menu_typo_font_family":"0","ocean_menu_typo_font_subset":"","ocean_menu_typo_font_size":0,"ocean_menu_typo_font_size_tablet":0,"ocean_menu_typo_font_size_mobile":0,"ocean_menu_typo_font_size_unit":"px","ocean_menu_typo_font_weight":"","ocean_menu_typo_font_weight_tablet":"","ocean_menu_typo_font_weight_mobile":"","ocean_menu_typo_transform":"","ocean_menu_typo_transform_tablet":"","ocean_menu_typo_transform_mobile":"","ocean_menu_typo_line_height":0,"ocean_menu_typo_line_height_tablet":0,"ocean_menu_typo_line_height_mobile":0,"ocean_menu_typo_line_height_unit":"","ocean_menu_typo_spacing":0,"ocean_menu_typo_spacing_tablet":0,"ocean_menu_typo_spacing_mobile":0,"ocean_menu_typo_spacing_unit":"","ocean_menu_link_color":"","ocean_menu_link_color_hover":"","ocean_menu_link_color_active":"","ocean_menu_link_background":"","ocean_menu_link_hover_background":"","ocean_menu_link_active_background":"","ocean_menu_social_links_bg":"","ocean_menu_social_hover_links_bg":"","ocean_menu_social_links_color":"","ocean_menu_social_hover_links_color":"","ocean_disable_title":"on","ocean_disable_heading":"default","ocean_post_title":"","ocean_post_subheading":"","ocean_post_title_style":"","ocean_post_title_background_color":"","ocean_post_title_background":0,"ocean_post_title_bg_image_position":"","ocean_post_title_bg_image_attachment":"","ocean_post_title_bg_image_repeat":"","ocean_post_title_bg_image_size":"","ocean_post_title_height":0,"ocean_post_title_bg_overlay":0.5,"ocean_post_title_bg_overlay_color":"","ocean_disable_breadcrumbs":"default","ocean_breadcrumbs_color":"","ocean_breadcrumbs_separator_color":"","ocean_breadcrumbs_links_color":"","ocean_breadcrumbs_links_hover_color":"","ocean_display_footer_widgets":"default","ocean_display_footer_bottom":"default","ocean_custom_footer_template":"0","footnotes":""},"class_list":["post-55","page","type-page","status-publish","hentry","entry"],"_links":{"self":[{"href":"https:\/\/www.iessansebastian.com\/web\/wp-json\/wp\/v2\/pages\/55","targetHints":{"allow":["GET"]}}],"collection":[{"href":"https:\/\/www.iessansebastian.com\/web\/wp-json\/wp\/v2\/pages"}],"about":[{"href":"https:\/\/www.iessansebastian.com\/web\/wp-json\/wp\/v2\/types\/page"}],"author":[{"embeddable":true,"href":"https:\/\/www.iessansebastian.com\/web\/wp-json\/wp\/v2\/users\/1"}],"replies":[{"embeddable":true,"href":"https:\/\/www.iessansebastian.com\/web\/wp-json\/wp\/v2\/comments?post=55"}],"version-history":[{"count":74,"href":"https:\/\/www.iessansebastian.com\/web\/wp-json\/wp\/v2\/pages\/55\/revisions"}],"predecessor-version":[{"id":10796,"href":"https:\/\/www.iessansebastian.com\/web\/wp-json\/wp\/v2\/pages\/55\/revisions\/10796"}],"wp:attachment":[{"href":"https:\/\/www.iessansebastian.com\/web\/wp-json\/wp\/v2\/media?parent=55"}],"curies":[{"name":"wp","href":"https:\/\/api.w.org\/{rel}","templated":true}]}}

<div data-elementor-type="wp-page" data-elementor-id="55" class="elementor elementor-55">
						<section class="elementor-section elementor-top-section elementor-element elementor-element-e54266f elementor-section-boxed elementor-section-height-default elementor-section-height-default" data-id="e54266f" data-element_type="section" data-e-type="section">
						<div class="elementor-container elementor-column-gap-default">
					<div class="elementor-column elementor-col-100 elementor-top-column elementor-element elementor-element-5fb1c18" data-id="5fb1c18" data-element_type="column" data-e-type="column">
			<div class="elementor-widget-wrap elementor-element-populated">
						<div class="elementor-element elementor-element-ca6657f elementor-widget elementor-widget-image" data-id="ca6657f" data-element_type="widget" data-e-type="widget" data-widget_type="image.default">
				<div class="elementor-widget-container">
															<img fetchpriority="high" decoding="async" width="1024" height="347" src="https://www.iessansebastian.com/web/wp-content/uploads/2021/12/jefesDepartamento3-1024x347.jpg" class="attachment-large size-large wp-image-2264" alt="" srcset="https://www.iessansebastian.com/web/wp-content/uploads/2021/12/jefesDepartamento3-1024x347.jpg 1024w, https://www.iessansebastian.com/web/wp-content/uploads/2021/12/jefesDepartamento3-300x102.jpg 300w, https://www.iessansebastian.com/web/wp-content/uploads/2021/12/jefesDepartamento3-768x260.jpg 768w, https://www.iessansebastian.com/web/wp-content/uploads/2021/12/jefesDepartamento3-1536x520.jpg 1536w, https://www.iessansebastian.com/web/wp-content/uploads/2021/12/jefesDepartamento3-2048x694.jpg 2048w" sizes="(max-width: 1024px) 100vw, 1024px" />															</div>
				</div>
					</div>
		</div>
					</div>
		</section>
				<section class="elementor-section elementor-top-section elementor-element elementor-element-178c3a4 elementor-section-boxed elementor-section-height-default elementor-section-height-default" data-id="178c3a4" data-element_type="section" data-e-type="section">
						<div class="elementor-container elementor-column-gap-default">
					<div class="elementor-column elementor-col-100 elementor-top-column elementor-element elementor-element-3888341" data-id="3888341" data-element_type="column" data-e-type="column">
			<div class="elementor-widget-wrap elementor-element-populated">
						<div class="elementor-element elementor-element-a33c9a3 elementor-widget elementor-widget-text-editor" data-id="a33c9a3" data-element_type="widget" data-e-type="widget" data-widget_type="text-editor.default">
				<div class="elementor-widget-container">
									<p><span class="a_GcMg font-feature-liga-off font-feature-clig-off font-feature-calt-off text-decoration-none text-strikethrough-none">Marcos López Azna</span><b>JEFATURA</b><strong> DE DEPARTAMENTO</strong> </p><p><strong>Coordinadores de Área:</strong></p><p><strong>Área científico-tecnológica</strong>: Alicia Guerrero Colmenero</p><p><strong>Área social-lingüístca</strong>: Dolores María Medero Irizo</p><p><strong>Área artística</strong>: Víctor López Romero</p><p><strong>Área de Formación Profesional</strong>: Manuel Alfonso Romero Caro</p><p><strong>Jefes/as de Departamento</strong>:</p><p><strong>Actividades Extraescolares:</strong> Laura Dávila Vicente</p><p><strong>Administración y gestión: </strong>Carmen Rocío Caballero Bravo</p><p><strong>Biología y Geología: </strong>Generoso Rozas Lozano</p><p><strong>Comercio y Marketing: </strong>Manuel Cejudo Cortés</p><p><strong>Convivencia</strong>: Cinta Fernández Villega</p><p><strong>Dibujo/</strong><span style="font-family: 'Playfair Display', sans-serif; font-size: 21px; font-style: normal; font-variant-ligatures: normal; font-variant-caps: normal; font-weight: 600;">Educación Física/Música</span><strong style="font-size: 21px;">: </strong><span style="font-size: 21px;">Víctor López Romero</span></p><p><strong style="font-size: 21px;">Filosofía: </strong><span class="a_GcMg font-feature-liga-off font-feature-clig-off font-feature-calt-off text-decoration-none text-strikethrough-none">Marcos López Aznar</span></p><p><strong>Física y Química: </strong>Miguel Ángel Criado Alonso</p><p><strong>Formación, Evaluación e Innovación Educativa:</strong> Cesáreo Rodríguez Valdivia</p><p><strong>Formación y Orientación Laboral y Economía: </strong>Rafael Damián Martínez Jiménez</p><p><strong>Geografía e Historia: </strong>Fátima Conde Pedraja</p><p><strong>Informática:</strong> Manuel Alfonso Romero Caro</p><p><strong>Idiomas:</strong> <span style="font-family: 'Playfair Display', sans-serif; font-size: 21px; font-style: normal; font-variant-ligatures: normal; font-variant-caps: normal; font-weight: 400;">Dolores María Medero Irizo</span></p><p><span style="font-family: 'Playfair Display', sans-serif; font-size: 21px; font-style: normal; font-variant-ligatures: normal; font-variant-caps: normal; font-weight: 600;">Internacionalización: </span><span style="font-family: 'Playfair Display', sans-serif; font-size: 21px; font-style: normal; font-variant-ligatures: normal; font-variant-caps: normal;">P</span><span style="font-family: 'Playfair Display', sans-serif; font-size: 21px; font-style: normal; font-variant-ligatures: normal; font-variant-caps: normal;">ilar Carmona Zalvide</span><span style="font-family: 'Playfair Display', sans-serif; font-size: 21px; font-style: normal; font-variant-ligatures: normal; font-variant-caps: normal; font-weight: 400;"><br /></span></p><p><strong style="font-size: 21px;">Lengua y Literatura: </strong><span style="font-size: 21px;"> Rocío Lepe García</span></p><p><strong>Matemáticas: </strong>Javier Montes Martínez</p><p><strong>Orientación:</strong> Ana García Gat</p><p><strong>Tecnología: </strong>Alicia Guerrero Colmenero</p>								</div>
				</div>
					</div>
		</div>
					</div>
		</section>
				</div>

<p>Marcos López AznaJEFATURA DE DEPARTAMENTO  Coordinadores de Área: Área científico-tecnológica: Alicia Guerrero Colmenero Área social-lingüístca: Dolores María Medero Irizo Área artística: Víctor López Romero Área de Formación Profesional: Manuel Alfonso [&hellip;]</p>
